
False
Let c = 1658 + -1027. Is c composite?
False
Let o = 3 + 0. Suppose n = -o*n. Suppose 3*l + 3*f - 538 + 199 = n, l - 5*f = 125. Is l composite?
True
Suppose 5313 = 3*j - 3*y, 0 = 3*j - 5*y - 4253 - 1064. Is j prime?
False
Let r(n) = 5*n + 2. Is r(1) prime?
True
Suppose 5*w + 60 = -0*w. Let t = 17 + w. Let k = -2 + t. Is k a composite number?
False
Suppose 3 = -g - 3*z + 7, -4*g - 36 = -z. Let c be 2*2/g*0. Suppose c = w + 2*p - 9, -2*w + 0*w + 2*p = -48. Is w prime?
True
Let s(v) = 35*v - 1. Let y be s(2). Let i = y + -18. Is i a prime number?
False
Let v be 3872/12 - 2/3. Suppose 2*s + 1810 = 4*i, -1209 + v = -2*i - 5*s. Is i a composite number?
True
Suppose 13*x - 3*x = 38290. Is x a composite number?
True
Let y(i) be the first derivative of 14/3*i**3 + 2 + 0*i + 1/2*i**2. Is y(1) composite?
True
Let k(d) be the third derivative of 1/30*d**5 + 0 - 2*d**2 - 3/8*d**4 + 0*d - 1/6*d**3. Is k(8) prime?
False
Suppose -x + 5273 = 3*s, 5*s - 8799 = 2*x - x. Is s prime?
True
Suppose 0 = 4*p, p + 433 = o - 1110. Is o a composite number?
False
Let i(r) = -r**3 - 3*r**2 + 7*r - 1. Let q(a) = a**2 - 5*a + 4. Let b be q(4). Let s = -5 - b. Is i(s) composite?
True
Let j(u) = 515*u**2 + 2*u. Is j(1) a composite number?
True
Suppose -u - 4*f = 18 - 2, 5*u = -3*f + 5. Let k be u/(-6) + (-389)/(-3). Is 2/(-6) + k/9 composite?
True
Let t(y) = y**3 - 4*y**2 + 3*y. Let c be t(3). Let s(v) = -v - 1. Let j be s(c). Is -7*j*(23 + 0) prime?
False
Suppose 0*d - 4*x = -d + 1798, 5*x = d - 1794. Is d a prime number?
False
Suppose 3*a + 5*f = -a + 23, -2*f = -2*a - 2. Suppose 2*h + 530 = 3*y - 552, -5*y = a*h + 1114. Let x = -336 - h. Is x composite?
False
Let z(s) = 395*s. Let p be z(1). Suppose -5*q = -220 - p. Is q a composite number?
True
Let d = 6 + -5. Let f(s) = 128*s**2 - 1. Is f(d) a prime number?
True
Suppose t = 3*t. Is (t + -2)*(-1655)/10 a composite number?
False
Let f = 408 + -249. Is f a composite number?
True
Let a(g) = g**3 + 6*g**2. Let q be a(-6). Suppose q = -4*n + 12 + 4. Suppose w - 425 = -n*w. Is w a prime number?
False
Let r(u) = 259*u**3 - 5*u + 5. Let o(g) = -130*g**3 + 2*g - 2. Let f(a) = -7*o(a) - 3*r(a). Is f(1) a composite number?
True
Let y(o) = -85*o - 1. Is y(-3) a prime number?
False
Let p = -304 - -447. Is p a composite number?
True
Let o be 8/(-12) - 866/(-3). Suppose 2*r - o = -r. Let w = 59 + r. Is w a prime number?
False
Is (-1119)/(-12)*(8 - 4) prime?
True
Let h be 34 + 0/(0 + 1). Let l = -4 + 8. Suppose l*t = 5*t - h. Is t prime?
False
Let k(h) = -47941*h - 764. Let n(x) = 188*x + 3. Let i(a) = -3*k(a) - 764*n(a). Is i(1) composite?
False
Suppose -c = 5*o - 5, o + 4*c - 20 = -4*o. Suppose -4*h + 4*z + z - 16 = 0, -2*h + 2*z - 8 = o. Let m(y) = y**3 + 5*y**2 + 2*y - 2. Is m(h) a prime number?
False
Let h(f) = -f**3 - 7*f**2 - 11. Let q be h(-8). Let b = q - 34. Is b a composite number?
False
Let x(n) = 109*n - 5. Is x(6) prime?
False
Is ((-12105)/(-20) - -4)*4 a prime number?
True
Suppose -4*k - 3 + 59 = 0. Suppose -k = -3*a - 2. Suppose -a*m + 382 = -558. Is m a prime number?
False
Is 2437/(-6 - 21/(-3)) a prime number?
True
Let a be ((-25)/3)/(2/(-534)). Is a/15 - 2/(-3) a composite number?
False
Suppose 0 = -5*o + 2*i + 2*i + 270, -4*o = -3*i - 216. Let p = 85 - o. Is p composite?
False
Let n be 1/((-4)/8)*4. Is 1 - n/(-4) - -20 composite?
False
Is ((-3070)/15)/((-4)/6) prime?
True
Let j = 3 - 0. Let n be 2/8 + j/(-12). Suppose n = 4*g - 9*g + 105. Is g prime?
False
Let h(m) = -m**3 + 7*m**2 + 7*m + 8. Let n be h(8). Suppose -2*i - 2*y + 3 + 17 = n, -3*i + 36 = 5*y. Is i a prime number?
True
Let k(h) = -49*h + 1. Let z be k(-2). Suppose 0 = -5*m - 25, -4*w + 0*m + 4*m = -44. Let u = z - w. Is u a prime number?
False
Let p be (2 - (0 + 1)) + -4. Let r be 7 + 0/p*-1. Suppose 0 = -2*u - 2*b + 74, -4*b + r*b = 0. Is u a prime number?
True
Suppose 2*v - 85 = -3*p, -p = 4*p + 2*v - 135. Is p a prime number?
False
Let r(s) = -s**3 + 2*s**2 + 2. Let b be r(2). Let n be b - 1 - (-89 - 2). Suppose -w = 3*w - n. Is w a composite number?
False
Suppose 6*x - 4066 = -112. Is x prime?
True
Suppose n - 4*o - 105 = 0, 3*n - o - 2*o = 279. Suppose -4*r + 132 = 2*w, -3*r + n + 4 = 3*w. Is r composite?
True
Suppose -m + 5*o - 25 = 0, 3*m + 15 = m + 3*o. Suppose 3*h - 51 = -3*c, 2*h - 3*c + 8*c - 46 = m. Is h a prime number?
True
Let o(k) = -k - 3. Let g be o(-8). Suppose -501 = -g*h + 94. Is h a composite number?
True
Is 134*(0 + 4/8) a composite number?
False
Let i(h) = -h + 1. Let p be i(-5). Is (2/p)/(2/2958) a prime number?
False
Suppose 2*u + 3*u = -880. Let s = -125 - u. Is s composite?
True
Let y = 1035 - 316. Is y prime?
True
Suppose -3*x - 3*s = 2*s - 1, 0 = x + 4*s + 2. Suppose -2*m + 84 = x*m. Is m prime?
False
Is (310/6)/(11/396) - -1 a composite number?
False
Let y(m) be the first derivative of -3*m**2/2 - 4*m + 3. Let x be y(-4). Suppose 0 = 2*z + x, 224 = 4*a + 3*z - 4*z. Is a a composite number?
True
Let i be (-5)/(20/(-632)) - 0. Suppose 3*v - 1063 = i. Is v prime?
False
Suppose 2*i = 122 - 1016. Is (i/(-9))/(4/12) a prime number?
True
Suppose 7*c = 4*c + 6. Suppose c = -b + 1. Is (0 + (b - -23))*1 a composite number?
True
Let o(z) = 3*z - 6. Let k be 4/(-6)*30/(-4). Is o(k) a composite number?
True
Let a(t) = t**3 - t**2 - 6*t - 3. Let o = 9 + -7. Suppose 5*m - 22 = -4*l, -5*m - l + 24 = o*l. Is a(m) a prime number?
False
Suppose 116 = i - g, -4*i + 419 = -0*i + 5*g. Is i composite?
True
Suppose -c - c = 4*r - 20, 3*c = 5*r - 3. Let a(t) = t**2 - t - 2. Let o be a(2). Suppose o*g = -r*g + 57. Is g composite?
False
Let h(y) = -5 - 26*y + 1 + 3. Suppose 2 = z - f, -5*f = -2*z + 5 + 8. Is h(z) composite?
True
Let d(j) = -10*j**3 + 4*j**2 + 12*j - 9. Let r(k) = 3*k**3 - k**2 - 4*k + 3. Let h(q) = 2*d(q) + 7*r(q). Is h(4) composite?
False
Suppose 4*u = -4*w - 16, -4*w = 3*u + 2 + 14. Suppose u = 2*l - 3 - 1. Is (132/8)/(1/l) a prime number?
False
Suppose 4*v = 4, 2*j = j + 4*v + 31. Let g = j - 21. Is g composite?
True
Suppose -6*q + 1404 = -570. Is q a composite number?
True
Let o = 1044 - 625. Is o prime?
True
Let v(c) be the first derivative of -c**2/2 + 13*c + 3. Let w be v(6). Let a = 11 - w. Is a prime?
False
Suppose 0*w = 2*w. Suppose w = -5*u - 5*a + 430, 5*u - 4*a - 414 = -a. Is 1/(-2*(-3)/u) a composite number?
True
Let i = 2 - -63. Is i composite?
True
Let j = -8 - -6. Is ((-237)/(-6))/((-1)/j) composite?
False
Let o(s) = 51*s + 2 - 54*s - 28*s. Is o(-3) a prime number?
False
Let u(k) = -k + 1. Suppose 0 = 5*o - 3*s + 6, -3*s = -3*o - 0*s. Let h be u(o). Suppose -h*i = 91 - 311. Is i a composite number?
True
Suppose -5*u = 2*c - 5709, -4*u + 2847 = -6*c + 7*c. Is c prime?
False
Let y be ((-2)/3)/(5/(-15)). Suppose -5*a - c + 266 = 0, 0 = -0*a - 2*a + y*c + 104. Is a composite?
False
Suppose -f = -2*c + 215, c = -0*f - 5*f + 102. Let r = c - 50. Suppose 4*x - 65 - 11 = -i, -r = -3*x - 2*i. Is x a prime number?
True
Let b be (-4)/((-4)/(-4) + -3). Suppose -2*q = 3*m - 1117, b*m - 662 = 5*q + 70. Is m composite?
True
Let o = -345 + 532. Is o composite?
True
Suppose 4*i = -4*x + 784, -x - 4*i + 135 = -55. Let z = -18 + x. Suppose 0*p = -4*p + 2*g + z, 129 = 3*p - 3*g. Is p composite?
False
Suppose -3*w - 3*d = -24, w + 5*d - 20 = -0*w. Suppose -w*j - 2*b + 660 = 0, 2*j + 0*b + 4*b = 248. Suppose -j = -5*l + 3*l. Is l composite?
False
Suppose 3*z = -2*z + 90. Suppose 4*s + 78 = -z. Let q = s + 187. Is q a composite number?
False
Suppose -4*u + 2*u = r - 75, 2*u - 76 = -2*r. Is u composite?
False
Let q(m) = -m**2 + m + 2. Let p be q(2). Suppose -3*r + r + 66 = p. Is r a prime number?
False
Suppose 16*b + 7351 = 27335. Is b a composite number?
False
Let c be 4/6 + 38/6. Let j(h) = -h**3 + 8*h**2 + 2*h + 6. Is j(c) a prime number?
False
Suppose -635 = -5*b + 4*k, -3*b - 2*k + 381 = -4*k. Is b composite?
False
Suppose 3*p + 2*b - 579 = 0, 83 - 1047 = -5*p - 3*b. Is p a composite number?
False
Suppose a = -3*a + 1676. Is a a composite number?
False
Let q = -3 - -3. Let o(g) be the first derivative of g**2/2 + 31*g + 1. Is o(q) a composite number?
False
Suppose 27 = 2*l + 4*r - 67, -2*r = -10. Is l composite?
False
Let d(w) = -w**3 + 5*w**2 - 5*w + 5. Let r be d(4). Let l be 0 - 3 - (r + 1). Let c = 1 - l. Is c prime?
False
